2 - h + 2. Let x = -7 + 11. Calculate the remainder when 53 is divided by m(x).
11
Let q(i) = 4*i**2 - 7*i - 6. Let r be q(6). Suppose 3*n - s - 123 = -2*n, 2*s = 4*n - r. Calculate the remainder when n is divided by (1 + 0)*18/2.
7
Suppose 5*o - 1 - 4 = 0, -37 = -3*f - 4*o. Suppose -3*l + f + 16 = 0. Let x(p) = 10*p - 3. What is the remainder when x(2) is divided by l?
8
Suppose 0 = 2*r + 4*z - 70, 4*r - 3*z - 179 = 2*z. Let u = r - 29. Suppose -102 = -6*n + 3*n. What is the remainder when n is divided by u?
10
Let j be 15/(-5) + 1*7. Suppose -46 = -4*w + 2*z, j*w = w + z + 36. What is the remainder when w is divided by 5?
3
Let m be 10/(-3)*(-3)/2. Suppose -m*i + 27 = g, -2*g + 3*i + 30 = i. What is the remainder when 49 is divided by g?
15
Let u(o) = o**3 - 7*o**2 + 6*o - 2. Let b be u(6). Let j be b - (9/3 - 0). Let f = 11 + j. What is the remainder when 23 is divided by f?
5
Suppose -20 = -4*h - 0*h. Let i(f) = f**3 + 3*f**2 + 4*f + 2. Let a be i(-2). Let d = 4 + a. Calculate the remainder when h is divided by d.
1
Let k(m) = m**2 + 5*m - 5. Let d(p) = -p**3 + 12*p**2 - 11*p - 7. Let a be d(11). What is the remainder when k(a) is divided by 4?
1
Suppose -97 = -2*s + 117. Calculate the remainder when s is divided by 36.
35
What is the remainder when 31 is divided by 12/(-3)*(-4)/1?
15
Let b(n) = 4*n**2 + 3*n. Let s be b(-2). Suppose a - s = -2. What is the remainder when 15 is divided by a?
7
Let i(q) = q**3 + 5*q**2 + 3*q - 4. Suppose 9 = 3*a - 6*a. Calculate the remainder when i(a) is divided by 3.
2
Suppose -3*u + 0 + 31 = 2*q, u - q = 17. What is the remainder when 116 is divided by u?
12
Let v(a) = -a**2 + 4*a + 6. Let p be v(5). Suppose -3*q + p = -14. Calculate the remainder when 23 is divided by q.
3
Let z = 30 + 24. Suppose z = 2*p + 18. Calculate the remainder when p is divided by 10.
8
Let i(k) = -2*k - 3. What is the remainder when 34 is divided by i(-6)?
7
Let d = 83 - 48. Suppose -5*z - n + d = -68, 4*n = -5*z + 97. Calculate the remainder when (-4)/10 - 312/(-5) is divided by z.
20
Suppose 4*w + 271 + 65 = -f, -4*w + 2*f = 324. Let g = 121 + w. What is the remainder when g is divided by 13?
12
Suppose -m + v + 15 = -0*m, 3*v = -2*m + 40. Calculate the remainder when m is divided by 10.
7
Let n(u) = -u**3 - 9*u**2 - 9*u - 5. Suppose 4*c = -2*z - 4, -z - 3*z - c = 8. Calculate the remainder when 0 - 1/(z/16) is divided by n(-8).
2
Let u(r) = r**3 - 8*r**2 + 7*r + 5. Suppose -15 - 69 = -7*f. Calculate the remainder when f is divided by u(7).
2
Calculate the remainder when (-1 + -1)/((-6)/189) is divided by (-1 - 0)/(89/(-22) - -4).
19
Let o = -49 + 68. Calculate the remainder when o is divided by 7.
5
Let r(w) = -w**3 - 6*w**2 - 10*w - 8. Let h be r(-6). Suppose -h = a - 5*a. Calculate the remainder when 51 is divided by a.
12
Let u = 18 - -6. Calculate the remainder when 68 is divided by u.
20
Let z = -104 + 115. What is the remainder when z is divided by 6?
5
What is the remainder when 48/12 - (-219 + 0) is divided by 57?
52
Let v(d) = d**3 + 7*d**2 - 8*d + 6. Let x be v(-8). Suppose -2*b = -2, x*b - 3*b = -3*q - 15. Calculate the remainder when ((-1)/1)/(-7 - q) is divided by 1.
0
Let i = -9 + 20. Suppose -5*a - i = -101. Let v(h) = -h**2 + h + 52. Calculate the remainder when v(0) is divided by a.
16
Let s = -30 - -45. Suppose 0 = t - 3*q - 6 - s, t = -2*q + 31. Calculate the remainder when t is divided by 21/6*-4*(2 + -3).
13
Let u be 7/(-28) - (-35)/(-4). Let w be (-29)/1 - (-1)/(-1). Calculate the remainder when 42/u*w/4 is divided by 18.
17
What is the remainder when 51 is divided by ((-2)/4)/((-3)/156)?
25
Suppose -5*j = -4*z - 113, 12 = 4*z - 0*z. What is the remainder when j is divided by 9?
7
Let m be (15/(-20))/(1/4). Let c = m - 4. Let w(u) = -u + 5. Calculate the remainder when 34 is divided by w(c).
10
Suppose g + 12 = -3*m, 0 = -0*g - 5*g + m - 28. Let n(x) = x**3 + 6*x**2 - 5*x - 7. What is the remainder when n(g) is divided by 8?
7
Suppose -5*m - 2 = -5*x + 3, -4*m = -2*x + 4. Suppose -2*q - 4 = x, 2*u - 4 - 4 = -3*q. Let g = 26 + -14. Calculate the remainder when g is divided by u.
5
Let r(c) = -19*c + 1. Let u be r(-10). Suppose -4*v + u = 67. Calculate the remainder when v is divided by 16.
15
Suppose -56 = -4*q - 8. Let s = 13 - 8. Calculate the remainder when s/((-15)/(-66))*1 is divided by q.
10
Suppose -5*m + 25 = -0*m. Calculate the remainder when 9 is divided by m.
4
Suppose -6*z + 38 = -442. Calculate the remainder when z is divided by 22.
14
Let q = -2 - 1. Let w = q - -6. Calculate the remainder when 7 is divided by w.
1
Suppose -5*d + 6 + 49 = 0. Calculate the remainder when 98 is divided by d.
10
Let l(d) = 10*d - 5. Suppose -2*t = -21 - 7. Calculate the remainder when l(6) is divided by t.
13
Suppose -7*a + 12*a - 55 = 0. What is the remainder when a is divided by 3?
2
Suppose 3 + 36 = x. What is the remainder when x is divided by 8?
7
Let h(s) = s**2 - s - 2. Let j be h(6). Let x = j + -6. What is the remainder when 46 is divided by 348/x + 4/22?
14
Let a be (-169)/(-9) + 6/27. Let j = -15 + a. Calculate the remainder when 6 is divided by j.
2
Let s(u) = -27*u**3 + u**2 - u. Let i(j) = j**3 + j. Let m(b) = -i(b) - s(b). Calculate the remainder when m(1) is divided by 13.
12
Let r = -4 - -9. Suppose -3*b - 2 + r = 0. Suppose t + b = 12. What is the remainder when 43 is divided by t?
10
Let h be 196/12 - (-2)/3. Suppose 15 + 25 = 5*o. Let u = h - o. What is the remainder when 17 is divided by u?
8
What is the remainder when (16/6)/((-8)/(-60)) is divided by 12?
8
Suppose -9*t + 209 = 74. What is the remainder when 163 is divided by t?
13
Let j = -4 + 1. Let i = 40 + 8. What is the remainder when i/j*(-15)/6 is divided by 14?
12
Suppose -4*i - 5*u = -65, 0 = 3*i - 5*u + 2 - 7. What is the remainder when 26 is divided by i?
6
Suppose -s = 4*s. Suppose s*j - j - 32 = 0. What is the remainder when 47 is divided by -1 - -1 - j/2?
15
Let x be 2 - (3 - 3 - 1). Suppose x*f = -1 + 43. What is the remainder when 25 is divided by f?
11
Let i(l) = l**3 - 5*l**2 - 3*l + 6. Calculate the remainder when i(7) is divided by 17.
15
Let m(b) = b**3 - 10*b**2 + 10*b + 6. What is the remainder when 26 is divided by m(9)?
11
Let z(x) = 3*x**2 + 7*x - 5. Calculate the remainder when z(-7) is divided by 16.
13
Suppose -130 = m - 6*m. Suppose -5*o + m = 2*v - 34, 2*v = -2*o + 72. Let t = -28 + v. Calculate the remainder when 47 is divided by t.
11
Let b = -12 + 33. Let h be (4 - 1)*43/3. Let f = h - b. Calculate the remainder when f is divided by 8.
6
Suppose q = -2*i + 16, -4*q - i + 3*i + 34 = 0. Let u be (157 - 2)*4/10. Let s = u - 44. What is the remainder when s is divided by q?
8
Let a = -11 - -14. Let l = -10 + 7. Calculate the remainder when (l/(-2))/((-21)/(-70)) is divided by a.
2
Let n(f) = 4*f**2 + 4*f - 7. What is the remainder when 30 is divided by n(-3)?
13
Let c = 965 - 961. Suppose -3 = -5*k + 7. What is the remainder when 132/9 + k/(-3) is divided by c?
2
Let x(y) = -y**2 + 15*y - 12. What is the remainder when x(10) is divided by 21?
17
Let x = -2 - -5. Suppose -3*z = 3*a + x, 0 = a - 1 - 3. Calculate the remainder when (-1)/z - 149/(-5) is divided by 16.
14
Let j(g) = -g**3 - 4*g**2 - g - 2. Let w be j(-4). Calculate the remainder when 19/((w + 0)/2) is divided by -2 - ((-7 - 1) + -1).
5
Suppose 4*g - 42 - 22 = 0. Let n = -20 + 26. What is the remainder when g is divided by n?
4
What is the remainder when 157 is divided by 72/27*(-24)/(-2)?
29
Let h = 62 - 23. Calculate the remainder when 115 is divided by h.
37
Let x(z) = -13*z**2 + 2*z + 2. Let j be x(2). Calculate the remainder when (j/4)/(2/(-4)) is divided by 12.
11
Let x(d) = 2*d**2 + 6*d - 6. Suppose -2*g + 2*y = -2*y - 6, -5*g - 3*y - 37 = 0. Calculate the remainder when 55 is divided by x(g).
13
Let h(n) = 2*n - 2. Let o be h(4). What is the remainder when (-24)/(-18)*o*2 is divided by 9?
7
Let b = 11 + -7. Calculate the remainder when 10 is divided by b.
2
Calculate the remainder when (0 + 2)/(3*(-2)/(-12)) is divided by 1.
0
Let u = -8 + 6. Let j(n) = n**3 - n**2 + 2*n - 2. Calculate the remainder when 83/5 - u/5 is divided by j(2).
5
Let q(n) = -n - 2. Let j be q(-6). Calculate the remainder when 30 is divided by 170/20 - 2/j.
6
Supp